{"id":288,"date":"2014-02-19T16:36:29","date_gmt":"2014-02-19T16:36:29","guid":{"rendered":"http:\/\/cressance.lu\/web\/?page_id=288"},"modified":"2014-02-19T16:58:04","modified_gmt":"2014-02-19T16:58:04","slug":"notre-travail","status":"publish","type":"page","link":"https:\/\/cressance.lu\/web\/notre-travail\/","title":{"rendered":"Notre travail"},"content":{"rendered":"<div class=\"one_half column\">\nGarantie de qualit\u00e9<br \/>\n<img decoding=\"async\" loading=\"lazy\" class=\"alignnone size-full wp-image-293\" alt=\"fabrics\" src=\"http:\/\/cressance.lu\/web\/wp-content\/uploads\/2014\/02\/fabrics.jpg\" width=\"289\" height=\"160\" srcset=\"https:\/\/cressance.lu\/web\/wp-content\/uploads\/2014\/02\/fabrics.jpg 289w, https:\/\/cressance.lu\/web\/wp-content\/uploads\/2014\/02\/fabrics-220x121.jpg 220w\" sizes=\"(max-width: 289px) 100vw, 289px\" \/><\/p>\n<p>Avec le plus grand soin, nous choisissons les tissus de haute qualit\u00e9 et les accessoires esth\u00e9tiques pour confectionner votre robe.\n<\/p><\/div>\n<div class=\"one_half column last\">\nTravail s\u00e9rieux<br \/>\n<img decoding=\"async\" loading=\"lazy\" class=\"alignnone size-full wp-image-290\" alt=\"beading\" src=\"http:\/\/cressance.lu\/web\/wp-content\/uploads\/2014\/02\/beading.jpg\" width=\"289\" height=\"160\" srcset=\"https:\/\/cressance.lu\/web\/wp-content\/uploads\/2014\/02\/beading.jpg 289w, https:\/\/cressance.lu\/web\/wp-content\/uploads\/2014\/02\/beading-220x121.jpg 220w\" sizes=\"(max-width: 289px) 100vw, 289px\" \/><\/p>\n<p>En respectant le professionnalisme, nos couturi\u00e8res consacreront le temps qu&rsquo;il faut pour un travail d\u00e9licat. Chaque d\u00e9tail de votre pi\u00e8ce sera soign\u00e9 : ornement de petites perles, strass,  etc.\n<\/p><\/div>\n<div class=\"clearboth\"><\/div>\n<div class=\"one_half column\">\nBroderie exquise<br \/>\n<img decoding=\"async\" loading=\"lazy\" class=\"alignnone size-full wp-image-292\" alt=\"embroidery\" src=\"http:\/\/cressance.lu\/web\/wp-content\/uploads\/2014\/02\/embroidery.jpg\" width=\"289\" height=\"160\" srcset=\"https:\/\/cressance.lu\/web\/wp-content\/uploads\/2014\/02\/embroidery.jpg 289w, https:\/\/cressance.lu\/web\/wp-content\/uploads\/2014\/02\/embroidery-220x121.jpg 220w\" sizes=\"(max-width: 289px) 100vw, 289px\" \/><\/p>\n<p>Sachant que la broderie exige une habilit\u00e9 et une dext\u00e9rit\u00e9, nos couturiers ont obtenu un certificat pour \u00e9laborer la fin broderie de votre robe.\n<\/p><\/div>\n<div class=\"one_half column last\">\nRuch\u00e9s \u00e0 la main<br \/>\n<img decoding=\"async\" loading=\"lazy\" class=\"alignnone size-full wp-image-294\" alt=\"ruching\" src=\"http:\/\/cressance.lu\/web\/wp-content\/uploads\/2014\/02\/ruching.jpg\" width=\"289\" height=\"160\" srcset=\"https:\/\/cressance.lu\/web\/wp-content\/uploads\/2014\/02\/ruching.jpg 289w, https:\/\/cressance.lu\/web\/wp-content\/uploads\/2014\/02\/ruching-220x121.jpg 220w\" sizes=\"(max-width: 289px) 100vw, 289px\" \/><\/p>\n<p>Les arrangements de ruch\u00e9s ne sont pas seulement une d\u00e9coration, mais aussi une magie qui fait ressortir votre silhouette charmante. Chez CRESSANCE, les ruch\u00e9s sont r\u00e9alis\u00e9s \u00e0 la main.\n<\/p><\/div>\n<div class=\"clearboth\"><\/div>\n<div class=\"one_half column\">\nAppliques subtiles<br \/>\n<img decoding=\"async\" loading=\"lazy\" class=\"alignnone size-full wp-image-289\" alt=\"appliques\" src=\"http:\/\/cressance.lu\/web\/wp-content\/uploads\/2014\/02\/appliques.jpg\" width=\"289\" height=\"160\" srcset=\"https:\/\/cressance.lu\/web\/wp-content\/uploads\/2014\/02\/appliques.jpg 289w, https:\/\/cressance.lu\/web\/wp-content\/uploads\/2014\/02\/appliques-220x121.jpg 220w\" sizes=\"(max-width: 289px) 100vw, 289px\" \/><\/p>\n<p>L&rsquo;assurance vient d&rsquo;une finesse du d\u00e9tail. CRESSANCE  attache une grande importance \u00e0 cr\u00e9er des appliques subtiles pour votre pi\u00e8ce, ce qui vous rendra plus sophistiqu\u00e9e.\n<\/p><\/div>\n<div class=\"one_half column last\">\nLivraison rapide en toute s\u00e9curit\u00e9<br \/>\n<img decoding=\"async\" loading=\"lazy\" class=\"alignnone size-full wp-image-291\" alt=\"delivery\" src=\"http:\/\/cressance.lu\/web\/wp-content\/uploads\/2014\/02\/delivery.jpg\" width=\"289\" height=\"160\" srcset=\"https:\/\/cressance.lu\/web\/wp-content\/uploads\/2014\/02\/delivery.jpg 289w, https:\/\/cressance.lu\/web\/wp-content\/uploads\/2014\/02\/delivery-220x121.jpg 220w\" sizes=\"(max-width: 289px) 100vw, 289px\" \/><\/p>\n<p>Nous travaillons avec DHL et TNT qui vous proposenet des livraisons rapides et internationales dans le monde entier.\n<\/p><\/div>\n<div class=\"clearboth\"><\/div>\n","protected":false},"excerpt":{"rendered":"","protected":false},"author":1,"featured_media":0,"parent":0,"menu_order":0,"comment_status":"closed","ping_status":"open","template":"","meta":[],"_links":{"self":[{"href":"https:\/\/cressance.lu\/web\/wp-json\/wp\/v2\/pages\/288"}],"collection":[{"href":"https:\/\/cressance.lu\/web\/wp-json\/wp\/v2\/pages"}],"about":[{"href":"https:\/\/cressance.lu\/web\/wp-json\/wp\/v2\/types\/page"}],"author":[{"embeddable":true,"href":"https:\/\/cressance.lu\/web\/wp-json\/wp\/v2\/users\/1"}],"replies":[{"embeddable":true,"href":"https:\/\/cressance.lu\/web\/wp-json\/wp\/v2\/comments?post=288"}],"version-history":[{"count":6,"href":"https:\/\/cressance.lu\/web\/wp-json\/wp\/v2\/pages\/288\/revisions"}],"predecessor-version":[{"id":296,"href":"https:\/\/cressance.lu\/web\/wp-json\/wp\/v2\/pages\/288\/revisions\/296"}],"wp:attachment":[{"href":"https:\/\/cressance.lu\/web\/wp-json\/wp\/v2\/media?parent=288"}],"curies":[{"name":"wp","href":"https:\/\/api.w.org\/{rel}","templated":true}]}}